t y = k + -4. Let b be (y - 4)*(-9)/(-9). Let v(q) = -q**3 - 3*q**2 + 3*q + 1. Calculate v(b).
5
Let a(w) = -w**3 - 10*w**2 - 7*w + 13. Suppose 0 = -5*m - 27 - 143. Let v be (-9)/18 - m/(-4). Give a(v).
-5
Suppose 21 = 5*q - 29. Let f(y) be the third derivative of -y**6/120 + 11*y**5/60 - 13*y**4/24 - y**3/6 + 233*y**2 + 2. Give f(q).
-31
Let c(j) = 6*j - 31. Let s be c(17). Let w = 57 - s. Let g = -8 - w. Let x(p) = p**3 - 6*p**2 - p + 1. What is x(g)?
-5
Let b(k) = 2*k**3 + 2*k**2 - k + 1. Suppose 0 = 4*r - 12, -d + 18 = 2*d + 4*r. Suppose -d*u = -6*u + 80. Let m be (-8)/u*5/1. What is b(m)?
-5
Let j(v) = -v**3 + 4*v**2 - 3*v + 2. Let i(u) = -8*u - 80. Let x be i(-10). Suppose 5*g - 10 = -2*p, 2*g + x*p - p = 4. Give j(g).
4
Let k = -346 - -353. Let g(s) = -6 + 0 + 2 - s + 3. Calculate g(k).
-8
Let q(r) = -4*r - 14. Let n be q(-4). Let x(k) = 5*k + k**n + k**2 - k. Suppose 24*b + 81 = -3*b. Give x(b).
6
Let m be (-3 - (1 + (-4 - 0)))/(-4). Suppose 0 + m = 4*a. Suppose a*z - 2*z = -4*z. Let r(w) = w**2 - 16. Calculate r(z).
-16
Let f(c) = c**2 - 3*c - 1. Let s = 417 - 412. Suppose 38*y = 36*y - 2, s*q - 4*y = 24. Give f(q).
3
Let j(g) be the first derivative of g**4/4 - 2*g**3 - 3*g**2 + 2*g + 230. Let y be (0/2 - -1)/((-12)/(-84)). Calculate j(y).
9
Let q = -32/853 - -2623/1706. Let v(a) be the second derivative of 16*a + 1/20*a**5 - q*a**3 + 0 - 3*a**2 + 5/12*a**4. What is v(-6)?
12
Let a(b) = -2*b**3 - 7*b**2 + 12*b + 8. Suppose -28*u + 56 = -42*u. Let z(m) = 3*m**3 + 7*m**2 - 14*m - 8. Let q(g) = u*a(g) - 3*z(g). What is q(6)?
-8
Let y(l) = -52*l + 158. Let k be y(3). Let b(u) = 119 - 120 + u + k*u. Give b(-2).
-7
Let k(u) be the second derivative of -u**5/20 - u**4/12 + 7*u**3/3 + 7*u**2/2 - 8*u + 140. Give k(3).
13
Let m(u) = 3*u - 102. Let y be m(36). Let z(s) = 6*s - 25*s**2 + 4*s**2 + 12*s**2 + 13 + 2*s**2 + y*s**2. What is z(7)?
6
Let q(y) = -y**2 - 6*y. Let r(j) = -4*j + 45. Let d be r(10). Suppose 2*t - 19 - 11 = 4*a, d*a + 40 = 3*t. What is q(a)?
5
Let n(f) = -7*f**2 - 5*f + 4. Let z(v) = 6*v**2 + 4*v - 4. Let k(d) = 5*n(d) + 6*z(d). Suppose -2*l - 2*j + 8 = 0, -10*j + 14 = 3*l - 5*j. Give k(l).
2
Let b(a) = a**3 - 8*a**2 + 6*a + 7. Let n(o) = -o**3 + 9*o**2 - 7*o - 8. Let p(h) = -3*b(h) - 2*n(h). Let q = -15 + 19. Suppose 7 = q*x - 9. Determine p(x).
11
Let p(d) = 1 + 24963*d - 9*d**2 + d**3 + 3 - 24964*d. Calculate p(9).
-5
Let v(n) = 5*n + 55. Let y(l) = -2*l - 28. Let g(r) = -3*v(r) - 7*y(r). Let z be 9/(-18) + ((-75)/(-10) - 7). Calculate g(z).
31
Let d(s) = -6*s + 600. Let u(l) = 3*l - 328. Let y(m) = -6*d(m) - 11*u(m). Give y(7).
29
Let j = 97 - 69. Let s(l) = 2*l + 31*l**2 + 2*l - 64*l**2 + j*l**2 + l**3. Calculate s(3).
-6
Suppose -72 = -26*a - 115*a + 210. Let u(r) = -6*r**2 + 11*r + 6. Calculate u(a).
4
Let n(o) be the first derivative of o**3 + 1. Suppose h = 3*q - 2*h - 3, 0 = -4*h + 4. Suppose -3*x = -7*x + 4*a, 0 = 3*x - 5*a - q. What is n(x)?
3
Let m(q) = q**2 - 16*q - 2. Let k be m(0). Let b(o) = -61 - o + 116 - 53. Calculate b(k).
4
Let q(y) = -33*y**2 + 148*y**2 - 32*y**2 - 30*y**2 - 31*y**2. What is q(1)?
22
Let h(y) = 37*y**3 + 31*y**2 - 76*y - 29. Let u(w) = -17*w**3 - 15*w**2 + 36*w + 15. Let a(m) = 6*h(m) + 13*u(m). What is a(7)?
7
Suppose -2*g + 209 = 197. Let a(r) = 6 - 5*r + 17*r - g*r + r - 2. Give a(-2).
-10
Let w(s) = -s**3 + 4. Let c = 1001 - 999. Calculate w(c).
-4
Let c(a) = -60 - 2*a - 36 + 77 - 74 - 23. What is c(0)?
-116
Suppose -2737 = 23*d - 1104. Let x = d - -66. Let v(i) = -i**3 - 5*i**2 - 6. What is v(x)?
-6
Let z(s) = -s - 4. Let o = -354 + 359. Let q(w) = w**3 - 5*w**2 + w + 2. Let j be q(o). Give z(j).
-11
Let x(t) = 482 + 30*t**2 + 411 - 892. Let r(s) = s**3 + 3*s**2 + 2*s + 1. Let h be r(-2). Determine x(h).
31
Suppose -2*o = -8 + 2. Suppose -4*v - 2*q + 5 + 1 = 0, -v - q = -o. Let l(i) be the first derivative of i**4/4 + i**3/3 - i**2/2 - 3*i - 2309. What is l(v)?
-3
Let j(z) = -46*z**3 + z**2 - 2*z - 2. Let o = 4665 - 4666. Calculate j(o).
47
Suppose 0 = -30*x - 168 - 192. Let y(u) be the first derivative of u**3/3 + 6*u**2 - 7*u + 65. Give y(x).
-7
Let x = -3725 + 3721. Let k(i) = 2*i**2 + 13*i - 8. What is k(x)?
-28
Let f(l) = -l**3 + 7*l**2 + 8*l + 8. Let c be (-33)/5*(-30)/9. Let i be c/77 - (-54)/7. Calculate f(i).
8
Let p(w) be the first derivative of 2*w**3/3 + 5*w**2/2 - 7*w + 466. Determine p(-6).
35
Suppose -7*x + 568 = -2*x + 2*b, 4*x - 440 = 2*b. Suppose -7*n + 3*n = -x. Let q(y) = 16 + y + 4*y**3 + 13 - n. Calculate q(-1).
-4
Let m(v) = v**3 - 12*v**2 - 6*v - 30. Suppose 78*n - 1872 = -87*n + 21*n. Calculate m(n).
61
Let j(m) = -31 + 37997*m - 12663*m - 12683*m - 12670*m. Determine j(-4).
45
Let h = -342 - -343. Let n(b) = 5*b - 2. Let l(k) = -k. Let v(r) = 3*l(r) - n(r). Calculate v(h).
-6
Let b(v) = 14*v**2 + 60*v - 373. Let d(a) = -26*a**2 - 119*a + 749. Let k(g) = 11*b(g) + 6*d(g). Calculate k(6).
-5
Let s(y) be the third derivative of y**5/120 + 3*y**4/8 - 4*y**3/3 - 165*y**2. Let c(z) be the first derivative of s(z). Give c(-7).
2
Let o(x) = -10*x**2 + 34*x + 6. Let t(z) = -6*z - 5*z + 79 + 3*z**2 - 81. Let f(h) = 2*o(h) + 7*t(h). Give f(9).
-2
Let q(o) = -o**2 + 34*o - 118. Let l be q(30). Let n be l*((-6)/(-4) - 12/24). Let i(d) = 2*d**3 - 3*d**2 - d + 2. Calculate i(n).
4
Let g(a) = -7*a**2 + a. Let n = -220 + 258. Suppose -28*i + n = 10*i. Determine g(i).
-6
Suppose -4*s + 2*t = -20, t + 5 = -s - t. Let f(c) = 9*c**s - 5*c**2 - 15*c**3 + 6*c**3 + 8*c - c**3. Determine f(-6).
-12
Suppose 3*d - 12 = 5*z, 4*d - 48 = 208*z - 212*z. Let a(b) be the first derivative of 7 + 0*b - 11/4*b**4 - 1/3*b**z - 1/2*b**2. Give a(-1).
11
Let k(m) be the first derivative of 11*m - 10 + 3/2*m**2. Let c(g) = 13*g + 44. Let l(t) = -2*c(t) + 9*k(t). Determine l(-8).
3
Let a(d) = -12*d + 180. Let h be a(17). Let j be 275/(-22)*h/30. Let f(t) = -t**3 + 12*t**2 - 20*t - 8. Calculate f(j).
-8
Let g(u) = -8*u**3 - 5*u**2 + 148*u + 135. Let k(a) = 3*a**3 - 59*a - 54. Let s(i) = -5*g(i) - 13*k(i). Calculate s(-24).
-45
Suppose -117*b = -1537 + 250. Let u(x) = -x**3 + 11*x**2 - 7. Calculate u(b).
-7
Let d = 12598 - 12561. Let p(k) = k**2 - 38*k + 49. Determine p(d).
12
Let t(r) be the first derivative of -r**4/4 + r**2/2 + 2*r + 24. Suppose 0 = -5*o - o + 5*o. Suppose o = 7*l - 5*l + 4. Give t(l).
8
Let l(p) be the third derivative of -p**6/60 + p**5/12 + 5*p**4/24 - 2*p**3/3 + 1924*p**2. Determine l(3).
2
Let j be (-186)/45 - 78/(-585). Let g(m) = -3*m**2 - 16*m - 8. Let l(n) = -3*n**2 - 14*n - 7. Let v(x) = j*g(x) + 5*l(x). Give v(-4).
-27
Let k(y) = y**2 + 11*y + 4. Let g(b) = b**2 + 12*b + 5. Let n(i) = -3*g(i) + 4*k(i). Suppose 45*t = 51*t + 48. Calculate n(t).
1
Let i = 23 - 9. Suppose 0 = -3*h - 5*k - 55, -5*k - 5 = -5*h - 70. Let y = i + h. Let r(p) = -2*p. Determine r(y).
2
Let o(k) = -2*k**2 + 12*k + 8. Let x be (4 - (72 + -1)) + 2/2. Let m = -59 - x. Calculate o(m).
-6
Let h(t) = 268*t + 4309. Let q be h(-16). Suppose 5*p - 94 - 21 = 0. Let s(d) = -d**3 - 2*d + 2*d - p*d**2 + q*d**2 - 4. Calculate s(-3).
5
Let n(a) = -4 + 3*a**2 - 103*a + 246*a - 70*a - 75*a. Determine n(5).
61
Let b(o) be the third derivative of -1/60*o**5 - 2/3*o**3 + 0 + 5/24*o**4 - 3*o + 7*o**2. Determine b(5).
-4
Let w be (4 + 0 + -4)*-1. Suppose w = -5*x - 13 + 18. Let k(i) = -77*i. Let a(q) = -14*q. Let b(n) = 28*a(n) - 5*k(n). Calculate b(x).
-7
Let w(j) = -j + 1. Let k(n) = -n + 1. Let p(t) = -2*k(t) + w(t). Let s(l) = 6*l - 5. Let m(x) = -3*p(x) + s(x). Suppose 5 + 1 = 3*r. Give m(r).
4
Let a be 16/3 + (-5)/15. Suppose 2*c - 5 - a = 0. Let l(n) = n**3 + c - 30 - n + 7 + 0*n**3. Give l(0).
-18
Let o be -61*(3/3 - 2). Suppose 3*g + 2*c - 32 + 0 = 0, -4*g = -c - o. Let u = g - 16. Let p(x) = x**2 + 2*x. Calculate p(u).
0
Let n(z) be the first derivative of -z**4/4 - 5*z**3/3 + z**2 - z - 1. Let l(c) = -c**3 - 10*c**2 + 1804*c + 18035. Let x be l(-10). Calculate n(x).
-11
Suppose -11*s + 10*s = 23. Let t(b) = 4 - 5*b**2 + 4*b**2 - 22*b + 17. Let x be t(s). Let r(q) = 2*q**3 + 4*q**2 + 3*q + 2. What is r(x)?
-4
Let u(j) = 5*j**3 + 19*j**2 + 36*j + 53. Let z be u(-3). Let v(n) = n**2 + 13*n - 105. What is v(z)?
9
Suppose 12*h - 2 = 1618. Let g = -140 + h. Let l(j) = -j**3 - 6*j**2 - 7*j. Give l(g).
10
Le